r of 527?
False
Does 43 divide 817?
True
Is 32361 a multiple of 201?
True
Does 20 divide 20117?
False
Does 5 divide 3113?
False
Is 39 a factor of 507?
True
Is 14514 a multiple of 118?
True
Is 177 a factor of 28493?
False
Is 858 a multiple of 78?
True
Is 148 a factor of 5180?
True
Does 14 divide 392?
True
Is 252 a multiple of 14?
True
Is 2478 a multiple of 2?
True
Does 4 divide 3667?
False
Is 473 a multiple of 40?
False
Is 44 a factor of 24992?
True
Does 109 divide 5783?
False
Is 18 a factor of 50454?
True
Is 63 a factor of 3339?
True
Is 4 a factor of 332?
True
Is 176 a multiple of 88?
True
Is 5 a factor of 289?
False
Does 28 divide 952?
True
Is 1778 a multiple of 14?
True
Is 7 a factor of 793?
False
Does 14 divide 826?
True
Does 17 divide 391?
True
Is 46 a factor of 155618?
True
Is 1358 a multiple of 8?
False
Does 71 divide 5751?
True
Is 26 a factor of 76102?
True
Does 4 divide 3489?
False
Does 18 divide 740?
False
Is 13 a factor of 1323?
False
Is 188 a multiple of 4?
True
Is 85 a factor of 3145?
True
Is 23 a factor of 859?
False
Does 13 divide 663?
True
Does 14 divide 1010?
False
Is 44484 a multiple of 22?
True
Does 37 divide 23362?
False
Does 66 divide 74778?
True
Does 36 divide 23124?
False
Is 10 a factor of 6982?
False
Does 34 divide 3565?
False
Is 456 a multiple of 22?
False
Is 116 a multiple of 15?
False
Is 3989 a multiple of 10?
False
Does 62 divide 2170?
True
Does 111 divide 1332?
True
Is 51550 a multiple of 25?
True
Is 40 a factor of 97863?
False
Is 859 a multiple of 78?
False
Does 29 divide 6706?
False
Is 17 a factor of 1628?
False
Is 11 a factor of 61?
False
Does 5 divide 40?
True
Does 105 divide 3150?
True
Is 653 a multiple of 6?
False
Is 12 a multiple of 3?
True
Is 39 a factor of 2262?
True
Does 26 divide 1534?
True
Is 4 a factor of 961?
False
Is 88 a factor of 3362?
False
Is 27 a factor of 226?
False
Is 14 a factor of 2282?
True
Does 11 divide 1377?
False
Is 32436 a multiple of 212?
True
Is 13 a factor of 31356?
True
Is 4641 a multiple of 3?
True
Is 68 even?
True
Is 36 a factor of 7956?
True
Does 174 divide 40523?
False
Is 5 a factor of 3375?
True
Is 33 a factor of 627?
True
Is 14 a factor of 7322?
True
Is 9 a factor of 2705?
False
Is 108 a factor of 864?
True
Is 54 a factor of 7344?
True
Is 725 a multiple of 122?
False
Is 14 a factor of 33?
False
Does 26 divide 101?
False
Is 45 a factor of 3375?
True
Is 22797 a multiple of 9?
True
Does 24 divide 408?
True
Is 96 a factor of 1531?
False
Is 298 a factor of 22648?
True
Does 8 divide 248?
True
Does 17 divide 104146?
False
Does 32 divide 1148?
False
Does 2 divide 4188?
True
Is 11 a factor of 10626?
True
Is 2602 a multiple of 64?
False
Is 72 a factor of 7704?
True
Is 12 a factor of 411?
False
Does 62 divide 5261?
False
Does 37 divide 15873?
True
Is 49 a factor of 14455?
True
Does 4 divide 240?
True
Is 14 a factor of 14?
True
Does 62 divide 2225?
False
Does 16 divide 8464?
True
Is 2268 a multiple of 21?
True
Is 17668 a multiple of 12?
False
Does 7 divide 1699?
False
Is 12 a factor of 72?
True
Is 30 a factor of 588?
False
Is 10 a factor of 14082?
False
Is 4 a factor of 2372?
True
Is 4372 a multiple of 34?
False
Is 509 a multiple of 2?
False
Is 1624 a multiple of 56?
True
Does 98 divide 5996?
False
Is 416 a multiple of 32?
True
Is 523 a multiple of 5?
False
Does 33 divide 3432?
True
Is 46 a factor of 4508?
True
Is 13 a factor of 1305?
False
Does 26 divide 312?
True
Does 17 divide 1649?
True
Is 100929 a multiple of 38?
False
Is 396 a multiple of 44?
True
Does 3 divide 10683?
True
Is 308 a multiple of 57?
False
Does 345 divide 108839?
False
Is 632 a multiple of 260?
False
Does 40 divide 600?
True
Is 144 a multiple of 6?
True
Is 22374 a multiple of 11?
True
Is 65 a factor of 585?
True
Is 37 a factor of 4551?
True
Is 261 a multiple of 9?
True
Does 14 divide 71425?
False
Is 92 a factor of 23128?
False
Does 4 divide 1292?
True
Is 116 a multiple of 7?
False
Is 4465 a multiple of 47?
True
Is 16 a factor of 9474?
False
Is 37 a factor of 27942?
False
Is 56 a factor of 906?
False
Is 2 a factor of 20?
True
Does 88 divide 37942?
False
Does 28 divide 539?
False
Is 13756 a multiple of 76?
True
Does 26 divide 138761?
False
Is 8876 a multiple of 7?
True
Does 18 divide 43974?
True
Is 11 a factor of 5487?
False
Is 48 a factor of 2995?
False
Does 16 divide 1136?
True
Is 66 a factor of 990?
True
Does 16 divide 23728?
True
Is 5014 a multiple of 8?
False
Is 4747 a multiple of 17?
False
Is 327 a multiple of 43?
False
Is 1035 a multiple of 4?
False
Is 35 a factor of 1676?
False
Does 5 divide 4795?
True
Is 27 a factor of 30965?
False
Is 4546 a multiple of 19?
False
Is 36 a factor of 3771?
False
Does 12 divide 552?
True
Is 3857 a multiple of 67?
False
Does 13 divide 32851?
True
Does 3 divide 6?
True
Is 131257 a multiple of 119?
True
Does 145 divide 3253?
False
Does 16 divide 10611?
False
Does 25 divide 22875?
True
Is 854 a multiple of 77?
False
Does 74 divide 222?
True
Is 6327 a multiple of 37?
True
Does 67 divide 1650?
False
Does 63 divide 54877?
False
Is 2754 a multiple of 9?
True
Is 19009 even?
False
Is 31213 a multiple of 49?
True
Is 10624 a multiple of 166?
True
Is 3320 a multiple of 10?
True
Is 2 a factor of 33?
False
Does 57 divide 2855?
False
Does 60 divide 516?
False
Is 80 a factor of 2800?
True
Is 9 a factor of 1890?
True
Is 77 a multiple of 10?
False
Does 30 divide 8310?
True
Is 42 a factor of 384?
False
Is 71 a factor of 40659?
False
Is 1718 a multiple of 54?
False
Does 19 divide 1001?
False
Does 3 divide 120?
True
Is 3180 a multiple of 20?
True
Is 7513 a multiple of 11?
True
Is 126 a multiple of 9?
True
Is 11866 a multiple of 17?
True
Is 2 a factor of 4206?
True
Is 53 a factor of 17035?
False
Is 146 a factor of 5663?
False
Does 38 divide 1198?
False
Does 22 divide 2860?
True
Is 20 a factor of 313?
False
Does 25 divide 6972?
False
Is 39 a factor of 36654?
False
Does 188 divide 117688?
True
Does 12 divide 5186?
False
Does 93 divide 2697?
True
Is 342 a multiple of 57?
True
Does 28 divide 15848?
True
Does 184 divide 32752?
True
Is 2664 a multiple of 72?
True
Does 12 divide 1020?
True
Is 14 a multiple of 5?
False
Is 18830 a multiple of 35?
True
Is 13 a factor of 14514?
False
Is 22 a factor of 15664?
True
Does 12 divide 26743?
False
Is 87 a factor of 92045?
False
Is 4 a factor of 888?
True
Is 322 even?
True
Is 47 a factor of 18154?
False
Does 23 divide 7820?
True
Is 5745 a multiple of 35?
False
Is 75088 a multiple of 26?
True
Is 531 a multiple of 3?
True
Is 37 a factor of 504?
False
Is 11 a factor of 8547?
True
Does 7 divide 11791?
False
Is 1462 a multiple of 107?
False
Is 2511 a multiple of 16?
False
Is 3 a factor of 27935?
False
Is 4727 a multiple of 73?
False
Is 32 a factor of 582?
False
Is 41 a factor of 2868?
False
Is 308 a multiple of 4?
True
Does 28 divide 740?
False
Is 854 a multiple of 7?
True
Is 17973 a multiple of 89?
False
Is 75 a factor of 3643?
False
Is 26 a factor of 11700?
True
Is 129 a factor of 3354?
True
Is 17 a factor of 2125?
True
Does 8 divide 360?
True
Is 7717 a multiple of 30?
False
Does 20 divide 31800?
True
Is 4801 a multiple of 36?
False
Does 38 divide 13832?
True
Is 7 a factor of 546?
True
Is 4 a factor of 261?
False
Is 1109 a multiple of 9?
False
Does 56 divide 3024?
True
Is 78627 a multiple of 18?
False
Is 384 a multiple of 12?
True
Is 2166 a multiple of 6?
True
Is 18 a factor of 324?
True
Is 2891 a multiple of 133?
False
Does 6 divide 464?
False
Is 184 a multiple of 5?
False
Is 15 a factor of 689?
False
Is 23 a factor of 3763?
False
Is 42 a factor of 1512?
True
Is 3558 a multiple of 14?
False
Is 160 a factor of 9711?
False
Is 31 a factor of 4092?
True
Is 127 a factor of 47474?
False
Does 18 divide 19623?
False
Is 1573 a multiple of 11?
True
Is 125 a multiple of 25?
True
Is 46724 a multiple of 30?
False
Is 840 a multiple of 14?
True
Does 22 divide 44418?
True
Is 259 a multiple of 16?
False
Is 1942 a multiple of 13?
False
Is 65 a factor of 6255?
False
Is 43067 a multiple of 153?
False
Is 371 a multiple of 7?
True
Is 45 a multiple of 3?
True
Is 65156 a multiple of 222?
False
Is 18 a multiple of 18?
True
Does 25 divide 1802?
False
Is 17 a factor of 731?
True
Is 10 a factor of 3104?
False
Is 27 a factor of 126?
False
Does 7 divide 2688?
True
Is 34286 a multiple of 47?
False
Is 